59?
55
What is the remainder when 7493 is divided by 3733?
27
Calculate the remainder when 5474 is divided by 1361.
30
Calculate the remainder when 23812 is divided by 336.
292
Calculate the remainder when 206767 is divided by 290.
287
Calculate the remainder when 4530 is divided by 495.
75
Calculate the remainder when 1285631 is divided by 864.
863
What is the remainder when 5116 is divided by 388?
72
What is the remainder when 11309 is divided by 365?
359
What is the remainder when 80295 is divided by 316?
31
Calculate the remainder when 5214385 is divided by 62.
61
Calculate the remainder when 49813 is divided by 30.
13
What is the remainder when 5195 is divided by 43?
35
What is the remainder when 5008 is divided by 109?
103
What is the remainder when 16003 is divided by 1776?
19
What is the remainder when 9900 is divided by 354?
342
Calculate the remainder when 10081 is divided by 423.
352
Calculate the remainder when 152448 is divided by 38107.
20
What is the remainder when 30089 is divided by 41?
36
Calculate the remainder when 576 is divided by 147.
135
Calculate the remainder when 36583 is divided by 4060.
43
Calculate the remainder when 58069 is divided by 81.
73
What is the remainder when 2567 is divided by 75?
17
Calculate the remainder when 27075 is divided by 21.
6
Calculate the remainder when 114761 is divided by 31.
30
What is the remainder when 2617 is divided by 273?
160
What is the remainder when 118325 is divided by 76?
69
Calculate the remainder when 954 is divided by 156.
18
What is the remainder when 30266 is divided by 388?
2
Calculate the remainder when 574199 is divided by 6.
5
Calculate the remainder when 10572 is divided by 664.
612
What is the remainder when 390558 is divided by 1575?
1533
Calculate the remainder when 1959 is divided by 50.
9
What is the remainder when 291042 is divided by 538?
522
Calculate the remainder when 5867397 is divided by 1320.
1317
Calculate the remainder when 25835 is divided by 25804.
31
What is the remainder when 221611 is divided by 183?
181
Calculate the remainder when 9944 is divided by 4863.
218
Calculate the remainder when 16762 is divided by 83.
79
Calculate the remainder when 33037 is divided by 811.
597
Calculate the remainder when 16605 is divided by 2620.
885
What is the remainder when 8733 is divided by 350?
333
Calculate the remainder when 15977 is divided by 1066.
1053
Calculate the remainder when 1516235 is divided by 58.
57
What is the remainder when 775718 is divided by 8?
6
What is the remainder when 1234 is divided by 666?
568
What is the remainder when 318 is divided by 54?
48
Calculate the remainder when 121329 is divided by 121325.
4
What is the remainder when 3459 is divided by 89?
77
Calculate the remainder when 1379077 is divided by 39.
37
Calculate the remainder when 360 is divided by 222.
138
Calculate the remainder when 4097 is divided by 47.
8
Calculate the remainder when 55066 is divided by 706.
704
What is the remainder when 1928937 is divided by 30?
27
Calculate the remainder when 589 is divided by 570.
19
What is the remainder when 15143 is divided by 38?
19
Calculate the remainder when 65996 is divided by 375.
371
Calculate the remainder when 572036 is divided by 56.
52
What is the remainder when 16788 is divided by 646?
638
What is the remainder when 25676 is divided by 12832?
12
Calculate the remainder when 1325 is divided by 459.
407
What is the remainder when 1517576 is divided by 512?
8
Calculate the remainder when 3808 is divided by 56.
0
What is the remainder when 10887 is divided by 10880?
7
What is the remainder when 2520 is divided by 69?
36
Calculate the remainder when 9793 is divided by 4861.
71
What is the remainder when 282165 is divided by 72?
69
What is the remainder when 21341 is divided by 532?
61
What is the remainder when 82050 is divided by 774?
6
Calculate the remainder when 88126 is divided by 162.
160
What is the remainder when 2488 is divided by 96?
88
Calculate the remainder when 26446 is divided by 174.
172
What is the remainder when 89898 is divided by 79?
75
Calculate the remainder when 2124790 is divided by 72.
70
What is the remainder when 106141 is divided by 10613?
11
Calculate the remainder when 35660 is divided by 24.
20
Calculate the remainder when 76890 is divided by 2737.
254
What is the remainder when 147 is divided by 135?
12
Calculate the remainder when 14660 is divided by 14645.
15
What is the remainder when 6799 is divided by 2262?
13
Calculate the remainder when 150934 is divided by 326.
322
Calculate the remainder when 5474299 is divided by 100.
99
What is the remainder when 26596 is divided by 700?
696
What is the remainder when 19270 is divided by 642?
10
What is the remainder when 1355 is divided by 485?
385
Calculate the remainder when 3892523 is divided by 145.
143
What is the remainder when 9370 is divided by 1671?
1015
Calculate the remainder when 882 is divided by 422.
38
Calculate the remainder when 8950 is divided by 2237.
2
What is the remainder when 6097 is divided by 2650?
797
Calculate the remainder when 713480 is divided by 142696.
0
Calculate the remainder when 39797 is divided by 19885.
27
Calculate the remainder when 14770 is divided by 14735.
35
Calculate the remainder when 6510 is divided by 3205.
100
Calculate the remainder when 83714 is divided by 425.
414
Calculate the remainder when 1923 is divided by 47.
43
What is the remainder when 29840 is divided by 55?
30
What is the remainder when 247 is divided by 148?
99
Calculate the remainder when 20581 is divided by 14.
1
What is the remainder when 2005348 is divided by 1450?
1448
What is the remainder when 21363 is divided by 21349?
14
Calculate the remainder when 1339 is divided by 123.
109
Calculate the remainder when 50368 is divided by 25025.
318
What is the remainder when 20463 is divided by 297?
267
What is the remainder when 89122 is divided by 373?
348
Calculate the remainder when 3871 is divided by 93.
58
Calculate the remainder when 71846 is divided by 51.
38
Calculate the remainder when 290837 is divided by 444.
17
Calculate the remainder when 269966 is divided by 89985.
11
What is the remainder when 8257 is divided by 179?
23
What is the remainder when 55952 is divided by 1399?
1391
What is the remainder when 38562 is divided by 11?
7
What is the remainder when 733354 is divided by 206?
200
What is the remainder when 1258 is divided by 33?
4
Calculate the remainder when 709559 is divided by 7797.
32
Calculate the remainder when 1137 is divided by 76.
73
Calculate the remainder when 55708 is divided by 111.
97
Calculate the remainder when 249 is divided by 97.
55
What is the remainder when 225550 is divided by 148?
146
What is the remainder when 12436 is divided by 2443?
221
Calculate the remainder when 2142 is divided by 1050.
42
What is the remainder when 56049 is divided by 11207?
14
Calculate the remainder when 34275 is divided by 66.
21
What is the remainder when 1260 is divided by 165?
105
Calculate the remainder when 7212 is divided by 3565.
82
What is the remainder when 5337 is divided by 1681?
294
Calculate the remainder when 11169 is divided by 463.
57
What is the remainder when 40089 is divided by 190?
189
What is the remainder when 2971 is divided by 854?
409
Calculate the remainder when 29337 is divided by 87.
18
Calculate the remainder when 4153 is divided by 4080.
73
Calculate the remainder when 13113 is divided by 469.
450
What is the remainder when 6883 is divided by 2189?
316
What is the remainder when 49158 is divided by 624?
486
What is the remainder when 38 is divided by 18?
2
What is the remainder when 18964 is divided by 514?
460
What is the remainder when 90761 is divided by 300?
161
What is the remainder when 514 is divided by 420?
94
Calculate the remainder when 24861 is divided by 19.
9
Calculate the remainder when 33987 is divided by 116.
115
Calculate the remainder when 757675 is divided by 42.
37
What is the remainder when 105798 is divided by 204?
126
Calculate the remainder when 6058 is divided by 551.
548
What is the remainder when 2629162 is divided by 24?
10
What is the remainder when 21305 is divided by 852?
5
Calculate the remainder when 82498 is divided by 17.
14
Calculate the remainde